{"id":80,"date":"2019-07-02T04:25:56","date_gmt":"2019-07-02T04:25:56","guid":{"rendered":"https:\/\/127.0.0.1\/yoga%20instructor\/?page_id=80"},"modified":"2025-01-27T20:35:38","modified_gmt":"2025-01-27T20:35:38","slug":"about","status":"publish","type":"page","link":"https:\/\/fesa.edu.bo\/edsa\/about\/","title":{"rendered":"About"},"content":{"rendered":"\t\t<div data-elementor-type=\"wp-post\" data-elementor-id=\"80\" class=\"elementor elementor-80\" data-elementor-settings=\"{&quot;ha_cmc_init_switcher&quot;:&quot;no&quot;}\">\n\t\t\t\t\t\t<section class=\"elementor-section elementor-top-section elementor-element elementor-element-5c58327 elementor-section-stretched elementor-section-boxed elementor-section-height-default elementor-section-height-default\" data-id=\"5c58327\" data-element_type=\"section\" data-e-type=\"section\" data-settings=\"{&quot;background_background&quot;:&quot;video&quot;,&quot;stretch_section&quot;:&quot;section-stretched&quot;,&quot;_ha_eqh_enable&quot;:false}\">\n\t\t\t\t\t\t<div class=\"elementor-container elementor-column-gap-default\">\n\t\t\t\t\t<div class=\"elementor-column elementor-col-50 elementor-top-column elementor-element elementor-element-b31c51a\" data-id=\"b31c51a\" data-element_type=\"column\" data-e-type=\"column\" data-settings=\"{&quot;background_background&quot;:&quot;classic&quot;}\">\n\t\t\t<div class=\"elementor-widget-wrap elementor-element-populated\">\n\t\t\t\t\t\t<div class=\"elementor-element elementor-element-afe8ee8 ha-has-bg-overlay elementor-widget elementor-widget-image\" data-id=\"afe8ee8\" data-element_type=\"widget\" data-e-type=\"widget\" data-settings=\"{&quot;ha_floating_fx&quot;:&quot;yes&quot;,&quot;ha_floating_fx_translate_toggle&quot;:&quot;yes&quot;,&quot;ha_floating_fx_translate_y&quot;:{&quot;unit&quot;:&quot;px&quot;,&quot;size&quot;:&quot;&quot;,&quot;sizes&quot;:{&quot;from&quot;:-8,&quot;to&quot;:17}},&quot;ha_floating_fx_translate_x&quot;:{&quot;unit&quot;:&quot;px&quot;,&quot;size&quot;:&quot;&quot;,&quot;sizes&quot;:{&quot;from&quot;:0,&quot;to&quot;:5}},&quot;ha_floating_fx_translate_duration&quot;:{&quot;unit&quot;:&quot;px&quot;,&quot;size&quot;:1000,&quot;sizes&quot;:[]},&quot;ha_floating_fx_translate_delay&quot;:{&quot;unit&quot;:&quot;px&quot;,&quot;size&quot;:&quot;&quot;,&quot;sizes&quot;:[]}}\" data-widget_type=\"image.default\">\n\t\t\t\t<div class=\"elementor-widget-container\">\n\t\t\t\t\t\t\t\t\t\t\t\t\t\t\t<img fetchpriority=\"high\" decoding=\"async\" width=\"949\" height=\"1269\" src=\"https:\/\/fesa.edu.bo\/edsa\/wp-content\/uploads\/2024\/07\/front-view-girl-playing-basketball-copia.png\" class=\"attachment-full size-full wp-image-2447\" alt=\"\" srcset=\"https:\/\/fesa.edu.bo\/edsa\/wp-content\/uploads\/2024\/07\/front-view-girl-playing-basketball-copia.png 949w, https:\/\/fesa.edu.bo\/edsa\/wp-content\/uploads\/2024\/07\/front-view-girl-playing-basketball-copia-224x300.png 224w, https:\/\/fesa.edu.bo\/edsa\/wp-content\/uploads\/2024\/07\/front-view-girl-playing-basketball-copia-766x1024.png 766w, https:\/\/fesa.edu.bo\/edsa\/wp-content\/uploads\/2024\/07\/front-view-girl-playing-basketball-copia-768x1027.png 768w, https:\/\/fesa.edu.bo\/edsa\/wp-content\/uploads\/2024\/07\/front-view-girl-playing-basketball-copia-100x134.png 100w, https:\/\/fesa.edu.bo\/edsa\/wp-content\/uploads\/2024\/07\/front-view-girl-playing-basketball-copia-150x201.png 150w, https:\/\/fesa.edu.bo\/edsa\/wp-content\/uploads\/2024\/07\/front-view-girl-playing-basketball-copia-200x267.png 200w, https:\/\/fesa.edu.bo\/edsa\/wp-content\/uploads\/2024\/07\/front-view-girl-playing-basketball-copia-300x401.png 300w, https:\/\/fesa.edu.bo\/edsa\/wp-content\/uploads\/2024\/07\/front-view-girl-playing-basketball-copia-450x602.png 450w, https:\/\/fesa.edu.bo\/edsa\/wp-content\/uploads\/2024\/07\/front-view-girl-playing-basketball-copia-600x802.png 600w, https:\/\/fesa.edu.bo\/edsa\/wp-content\/uploads\/2024\/07\/front-view-girl-playing-basketball-copia-900x1203.png 900w\" sizes=\"(max-width: 949px) 100vw, 949px\" \/>\t\t\t\t\t\t\t\t\t\t\t\t\t\t\t<\/div>\n\t\t\t\t<\/div>\n\t\t\t\t\t<\/div>\n\t\t<\/div>\n\t\t\t\t<div class=\"elementor-column elementor-col-50 elementor-top-column elementor-element elementor-element-d4844e5\" data-id=\"d4844e5\" data-element_type=\"column\" data-e-type=\"column\">\n\t\t\t<div class=\"elementor-widget-wrap elementor-element-populated\">\n\t\t\t\t\t\t<div class=\"elementor-element elementor-element-9857f72 elementor-widget elementor-widget-heading\" data-id=\"9857f72\" data-element_type=\"widget\" data-e-type=\"widget\" data-widget_type=\"heading.default\">\n\t\t\t\t<div class=\"elementor-widget-container\">\n\t\t\t\t\t<h2 class=\"elementor-heading-title elementor-size-default\">Quienes Somos<\/h2>\t\t\t\t<\/div>\n\t\t\t\t<\/div>\n\t\t\t\t<div class=\"elementor-element elementor-element-3c175a3 elementor-widget elementor-widget-heading\" data-id=\"3c175a3\" data-element_type=\"widget\" data-e-type=\"widget\" data-widget_type=\"heading.default\">\n\t\t\t\t<div class=\"elementor-widget-container\">\n\t\t\t\t\t<p class=\"elementor-heading-title elementor-size-default\">Hace un tiempo decidimos abrir la Escuela de Deportes San Agustin, ten\u00edamos y tenemos una meta muy clara, queremos que te desarrolles en el \u00e1rea del deporte y que puedas ser t\u00fa misma, t\u00fa mismo en nuestro espacio.\n<br \/><br \/>\nEntonces trajemos a las y los mejores instructores en sus diferentes disciplinas.  Queremos que desarrolles todo tu potencial con nosotros y los mejores est\u00e1n en la Escuela de Deportes San Agust\u00edn.  Tenemos todo el material, las instalaciones y estamos listos para recibirte.<\/p>\t\t\t\t<\/div>\n\t\t\t\t<\/div>\n\t\t\t\t\t<\/div>\n\t\t<\/div>\n\t\t\t\t\t<\/div>\n\t\t<\/section>\n\t\t\t\t<section class=\"elementor-section elementor-top-section elementor-element elementor-element-40af91b elementor-section-stretched elementor-section-boxed elementor-section-height-default elementor-section-height-default\" data-id=\"40af91b\" data-element_type=\"section\" data-e-type=\"section\" data-settings=\"{&quot;background_background&quot;:&quot;classic&quot;,&quot;stretch_section&quot;:&quot;section-stretched&quot;,&quot;_ha_eqh_enable&quot;:false}\">\n\t\t\t\t\t\t<div class=\"elementor-container elementor-column-gap-default\">\n\t\t\t\t\t<div class=\"elementor-column elementor-col-50 elementor-top-column elementor-element elementor-element-871d893\" data-id=\"871d893\" data-element_type=\"column\" data-e-type=\"column\">\n\t\t\t<div class=\"elementor-widget-wrap elementor-element-populated\">\n\t\t\t\t\t\t<div class=\"elementor-element elementor-element-9ad09fe elementor-widget elementor-widget-image\" data-id=\"9ad09fe\" data-element_type=\"widget\" data-e-type=\"widget\" data-widget_type=\"image.default\">\n\t\t\t\t<div class=\"elementor-widget-container\">\n\t\t\t\t\t\t\t\t\t\t\t\t\t\t\t<img decoding=\"async\" width=\"296\" height=\"300\" src=\"https:\/\/fesa.edu.bo\/edsa\/wp-content\/uploads\/2024\/06\/logo-escuela-de-deporte_Mesa-de-trabajo-1-296x300.png\" class=\"attachment-medium size-medium wp-image-2126\" alt=\"\" srcset=\"https:\/\/fesa.edu.bo\/edsa\/wp-content\/uploads\/2024\/06\/logo-escuela-de-deporte_Mesa-de-trabajo-1-296x300.png 296w, https:\/\/fesa.edu.bo\/edsa\/wp-content\/uploads\/2024\/06\/logo-escuela-de-deporte_Mesa-de-trabajo-1-1009x1024.png 1009w, https:\/\/fesa.edu.bo\/edsa\/wp-content\/uploads\/2024\/06\/logo-escuela-de-deporte_Mesa-de-trabajo-1-768x779.png 768w, https:\/\/fesa.edu.bo\/edsa\/wp-content\/uploads\/2024\/06\/logo-escuela-de-deporte_Mesa-de-trabajo-1-1513x1536.png 1513w, https:\/\/fesa.edu.bo\/edsa\/wp-content\/uploads\/2024\/06\/logo-escuela-de-deporte_Mesa-de-trabajo-1-2018x2048.png 2018w, https:\/\/fesa.edu.bo\/edsa\/wp-content\/uploads\/2024\/06\/logo-escuela-de-deporte_Mesa-de-trabajo-1-100x101.png 100w, https:\/\/fesa.edu.bo\/edsa\/wp-content\/uploads\/2024\/06\/logo-escuela-de-deporte_Mesa-de-trabajo-1-150x152.png 150w, https:\/\/fesa.edu.bo\/edsa\/wp-content\/uploads\/2024\/06\/logo-escuela-de-deporte_Mesa-de-trabajo-1-200x203.png 200w, https:\/\/fesa.edu.bo\/edsa\/wp-content\/uploads\/2024\/06\/logo-escuela-de-deporte_Mesa-de-trabajo-1-300x304.png 300w, https:\/\/fesa.edu.bo\/edsa\/wp-content\/uploads\/2024\/06\/logo-escuela-de-deporte_Mesa-de-trabajo-1-450x457.png 450w, https:\/\/fesa.edu.bo\/edsa\/wp-content\/uploads\/2024\/06\/logo-escuela-de-deporte_Mesa-de-trabajo-1-600x609.png 600w, https:\/\/fesa.edu.bo\/edsa\/wp-content\/uploads\/2024\/06\/logo-escuela-de-deporte_Mesa-de-trabajo-1-900x913.png 900w\" sizes=\"(max-width: 296px) 100vw, 296px\" \/>\t\t\t\t\t\t\t\t\t\t\t\t\t\t\t<\/div>\n\t\t\t\t<\/div>\n\t\t\t\t\t<\/div>\n\t\t<\/div>\n\t\t\t\t<div class=\"elementor-column elementor-col-50 elementor-top-column elementor-element elementor-element-7d6ad52\" data-id=\"7d6ad52\" data-element_type=\"column\" data-e-type=\"column\">\n\t\t\t<div class=\"elementor-widget-wrap elementor-element-populated\">\n\t\t\t\t\t\t<div class=\"elementor-element elementor-element-f092671 elementor-widget elementor-widget-heading\" data-id=\"f092671\" data-element_type=\"widget\" data-e-type=\"widget\" data-widget_type=\"heading.default\">\n\t\t\t\t<div class=\"elementor-widget-container\">\n\t\t\t\t\t<h2 class=\"elementor-heading-title elementor-size-default\">Contactos<\/h2>\t\t\t\t<\/div>\n\t\t\t\t<\/div>\n\t\t\t\t<div class=\"elementor-element elementor-element-feeeeda elementor-widget elementor-widget-heading\" data-id=\"feeeeda\" data-element_type=\"widget\" data-e-type=\"widget\" data-widget_type=\"heading.default\">\n\t\t\t\t<div class=\"elementor-widget-container\">\n\t\t\t\t\t<p class=\"elementor-heading-title elementor-size-default\">Zona Tupuraya: Av. Am\u00e9rica N\u00ba 1359<\/p>\t\t\t\t<\/div>\n\t\t\t\t<\/div>\n\t\t\t\t<div class=\"elementor-element elementor-element-7e35054 elementor-widget elementor-widget-heading\" data-id=\"7e35054\" data-element_type=\"widget\" data-e-type=\"widget\" data-widget_type=\"heading.default\">\n\t\t\t\t<div class=\"elementor-widget-container\">\n\t\t\t\t\t<h2 class=\"elementor-heading-title elementor-size-default\">+591 78619218<\/h2>\t\t\t\t<\/div>\n\t\t\t\t<\/div>\n\t\t\t\t<div class=\"elementor-element elementor-element-b0b7a15 elementor-shape-rounded elementor-grid-0 e-grid-align-center elementor-widget elementor-widget-social-icons\" data-id=\"b0b7a15\" data-element_type=\"widget\" data-e-type=\"widget\" data-widget_type=\"social-icons.default\">\n\t\t\t\t<div class=\"elementor-widget-container\">\n\t\t\t\t\t\t\t<div class=\"elementor-social-icons-wrapper elementor-grid\" role=\"list\">\n\t\t\t\t\t\t\t<span class=\"elementor-grid-item\" role=\"listitem\">\n\t\t\t\t\t<a class=\"elementor-icon elementor-social-icon elementor-social-icon-facebook-f elementor-repeater-item-ce52681\" href=\"https:\/\/www.facebook.com\/Escuela.Deportes.San.Agustin\" target=\"_blank\">\n\t\t\t\t\t\t<span class=\"elementor-screen-only\">Facebook-f<\/span>\n\t\t\t\t\t\t<svg aria-hidden=\"true\" class=\"e-font-icon-svg e-fab-facebook-f\" viewBox=\"0 0 320 512\" xmlns=\"http:\/\/www.w3.org\/2000\/svg\"><path d=\"M279.14 288l14.22-92.66h-88.91v-60.13c0-25.35 12.42-50.06 52.24-50.06h40.42V6.26S260.43 0 225.36 0c-73.22 0-121.08 44.38-121.08 124.72v70.62H22.89V288h81.39v224h100.17V288z\"><\/path><\/svg>\t\t\t\t\t<\/a>\n\t\t\t\t<\/span>\n\t\t\t\t\t\t\t<span class=\"elementor-grid-item\" role=\"listitem\">\n\t\t\t\t\t<a class=\"elementor-icon elementor-social-icon elementor-social-icon-instagram elementor-repeater-item-df2d2b7\" href=\"https:\/\/www.instagram.com\/escuela.deportes.san.agustin\/\" target=\"_blank\">\n\t\t\t\t\t\t<span class=\"elementor-screen-only\">Instagram<\/span>\n\t\t\t\t\t\t<svg aria-hidden=\"true\" class=\"e-font-icon-svg e-fab-instagram\" viewBox=\"0 0 448 512\" xmlns=\"http:\/\/www.w3.org\/2000\/svg\"><path d=\"M224.1 141c-63.6 0-114.9 51.3-114.9 114.9s51.3 114.9 114.9 114.9S339 319.5 339 255.9 287.7 141 224.1 141zm0 189.6c-41.1 0-74.7-33.5-74.7-74.7s33.5-74.7 74.7-74.7 74.7 33.5 74.7 74.7-33.6 74.7-74.7 74.7zm146.4-194.3c0 14.9-12 26.8-26.8 26.8-14.9 0-26.8-12-26.8-26.8s12-26.8 26.8-26.8 26.8 12 26.8 26.8zm76.1 27.2c-1.7-35.9-9.9-67.7-36.2-93.9-26.2-26.2-58-34.4-93.9-36.2-37-2.1-147.9-2.1-184.9 0-35.8 1.7-67.6 9.9-93.9 36.1s-34.4 58-36.2 93.9c-2.1 37-2.1 147.9 0 184.9 1.7 35.9 9.9 67.7 36.2 93.9s58 34.4 93.9 36.2c37 2.1 147.9 2.1 184.9 0 35.9-1.7 67.7-9.9 93.9-36.2 26.2-26.2 34.4-58 36.2-93.9 2.1-37 2.1-147.8 0-184.8zM398.8 388c-7.8 19.6-22.9 34.7-42.6 42.6-29.5 11.7-99.5 9-132.1 9s-102.7 2.6-132.1-9c-19.6-7.8-34.7-22.9-42.6-42.6-11.7-29.5-9-99.5-9-132.1s-2.6-102.7 9-132.1c7.8-19.6 22.9-34.7 42.6-42.6 29.5-11.7 99.5-9 132.1-9s102.7-2.6 132.1 9c19.6 7.8 34.7 22.9 42.6 42.6 11.7 29.5 9 99.5 9 132.1s2.7 102.7-9 132.1z\"><\/path><\/svg>\t\t\t\t\t<\/a>\n\t\t\t\t<\/span>\n\t\t\t\t\t\t\t<span class=\"elementor-grid-item\" role=\"listitem\">\n\t\t\t\t\t<a class=\"elementor-icon elementor-social-icon elementor-social-icon-tiktok elementor-repeater-item-074fd42\" href=\"https:\/\/www.tiktok.com\/@escuela.deportes.sa\" target=\"_blank\">\n\t\t\t\t\t\t<span class=\"elementor-screen-only\">Tiktok<\/span>\n\t\t\t\t\t\t<svg aria-hidden=\"true\" class=\"e-font-icon-svg e-fab-tiktok\" viewBox=\"0 0 448 512\" xmlns=\"http:\/\/www.w3.org\/2000\/svg\"><path d=\"M448,209.91a210.06,210.06,0,0,1-122.77-39.25V349.38A162.55,162.55,0,1,1,185,188.31V278.2a74.62,74.62,0,1,0,52.23,71.18V0l88,0a121.18,121.18,0,0,0,1.86,22.17h0A122.18,122.18,0,0,0,381,102.39a121.43,121.43,0,0,0,67,20.14Z\"><\/path><\/svg>\t\t\t\t\t<\/a>\n\t\t\t\t<\/span>\n\t\t\t\t\t<\/div>\n\t\t\t\t\t\t<\/div>\n\t\t\t\t<\/div>\n\t\t\t\t\t<\/div>\n\t\t<\/div>\n\t\t\t\t\t<\/div>\n\t\t<\/section>\n\t\t\t\t<\/div>\n\t\t","protected":false},"excerpt":{"rendered":"<p>Quienes Somos Hace un tiempo decidimos abrir la Escuela de Deportes San Agustin, ten\u00edamos y tenemos una meta muy clara, queremos que te desarrolles en el \u00e1rea del deporte y que puedas ser t\u00fa misma, t\u00fa mismo en nuestro espacio. &hellip;<\/p>\n<p class=\"read-more\"> <a class=\"more-link\" href=\"https:\/\/fesa.edu.bo\/edsa\/about\/\"> <span class=\"screen-reader-text\">About<\/span> Read More &raquo;<\/a><\/p>\n","protected":false},"author":1,"featured_media":0,"parent":0,"menu_order":0,"comment_status":"closed","ping_status":"closed","template":"elementor_header_footer","meta":{"footnotes":""},"class_list":["post-80","page","type-page","status-publish","hentry"],"featured_image_src":"","featured_image_src_square":false,"rbea_author_info":{"display_name":"juan.choque","author_link":"https:\/\/fesa.edu.bo\/edsa\/author\/juan-choque\/"},"rbea_excerpt_info":"Quienes Somos Hace un tiempo decidimos abrir la Escuela de Deportes San Agustin, ten\u00edamos y tenemos una meta muy clara, queremos que te desarrolles en el \u00e1rea del deporte y que puedas ser t\u00fa misma, t\u00fa mismo en nuestro espacio. &hellip;<p class=\"read-more\"> <a class=\"more-link\" href=\"https:\/\/fesa.edu.bo\/edsa\/about\/\"> <span class=\"screen-reader-text\">About<\/span> Read More &raquo;<\/a><\/p>","_links":{"self":[{"href":"https:\/\/fesa.edu.bo\/edsa\/wp-json\/wp\/v2\/pages\/80","targetHints":{"allow":["GET"]}}],"collection":[{"href":"https:\/\/fesa.edu.bo\/edsa\/wp-json\/wp\/v2\/pages"}],"about":[{"href":"https:\/\/fesa.edu.bo\/edsa\/wp-json\/wp\/v2\/types\/page"}],"author":[{"embeddable":true,"href":"https:\/\/fesa.edu.bo\/edsa\/wp-json\/wp\/v2\/users\/1"}],"replies":[{"embeddable":true,"href":"https:\/\/fesa.edu.bo\/edsa\/wp-json\/wp\/v2\/comments?post=80"}],"version-history":[{"count":40,"href":"https:\/\/fesa.edu.bo\/edsa\/wp-json\/wp\/v2\/pages\/80\/revisions"}],"predecessor-version":[{"id":2730,"href":"https:\/\/fesa.edu.bo\/edsa\/wp-json\/wp\/v2\/pages\/80\/revisions\/2730"}],"wp:attachment":[{"href":"https:\/\/fesa.edu.bo\/edsa\/wp-json\/wp\/v2\/media?parent=80"}],"curies":[{"name":"wp","href":"https:\/\/api.w.org\/{rel}","templated":true}]}}